{"id":54,"date":"2020-02-15T15:08:26","date_gmt":"2020-02-15T14:08:26","guid":{"rendered":"http:\/\/dive.cologne\/wp\/wordpress\/?page_id=54"},"modified":"2020-02-18T19:06:16","modified_gmt":"2020-02-18T18:06:16","slug":"ueber-individual-diving","status":"publish","type":"page","link":"https:\/\/www.individual-diving.de\/index.php\/ueber-individual-diving\/","title":{"rendered":"\u00fcber Individual Diving"},"content":{"rendered":"\n<p>Individual Diving ist gewisserma\u00dfen die Fortsetzung des Ralf Schnackertz&#8216; SSI-Dive-Centers, einer kleinen Tauchschule, urspr\u00fcnglich gegr\u00fcndet in H\u00fcrth, aber auch \u00fcber etliche Jahre in einem gro\u00dfen Ladenlokal in Frechen-K\u00f6nigsdorf mit einem eigenen 4 Meter tiefen Pool.<\/p>\n\n\n\n<p>Hier habe ich von 2014 an als Assistant Instructor und ab 2015 als Tauchlehrer mitgearbeitet und immer die Atmosph\u00e4re gesch\u00e4tzt, dass es eben eigentlich klein und famili\u00e4r ablief. Die Gruppen waren klein, Termine kl\u00e4rte man unter sich und wenn jemand mehr Zeit brauchte, sprengte das auch nicht gleich den Rahmen. Das galt genauso f\u00fcr mich, wo die Ausbildung zum Assistant Instructor eben nicht schnell abgefertigt wurde, sondern bedeutete, sich ein Jahr lang in Theorie und Praxis beweisen zu m\u00fcssen.<\/p>\n\n\n\n<p>Wir hatten Tauchsch\u00fcler, die mit einem Tauchschein sich der Angst vor Wasser stellen wollten und daf\u00fcr wurde sich Zeit genommen. Diese Philosophie kommt nat\u00fcrlich auch allen anderen Tauchsch\u00fclern zu Gute. So sa\u00df vermutlich bereits jeder von uns mit einem Tauchsch\u00fcler auch mal eine Stunde alleine mit einem Tauchsch\u00fcler im Becken, um eine \u00dcbung, die halt partout nicht klappen wollte, zu \u00fcben. Das geht nur bei individueller Betreuung oder sehr kleinen Gruppen.<\/p>\n\n\n\n<p>Als 2019 das SSI-Dive-Center in K\u00f6nigsdorf nach 20 Jahren seine Tore schloss, beschloss man die Sache zu verkleinern und sich auf Mermaiding zu konzentrieren. Da ich mich allerdings in einem Mermaid-Kost\u00fcm unpassend gekleidet f\u00fchle, \u00fcbernahm ich das Tauchequipment und bilde nun selbst aus.<\/p>\n\n\n\n<p>Mit den gleichen Priorit\u00e4ten, wie ich das von meinen Tauchlehrern gelernt habe, auch als Angebot an Tauchsch\u00fcler, die nicht auf vorgegebene Termine warten wollen oder deren Terminplan nicht mit vorgegebenen Terminen funktioniert.<\/p>\n\n\n\n<p>Tauchsch\u00fcler, die ihre Zeit brauchen und auch sicher sein wollen, dass sie zu nichts gedr\u00e4ngt werden oder einen ganzen Kurs aufhalten, wollen nicht in gro\u00dfen Gruppen lernen. So kommt eine Gruppe 400km angereist, um in ihrem Tempo ohne Druck ihren Tauchkurs machen zu k\u00f6nnen. <br>Auch Kinder haben ein eigenes Tempo und ben\u00f6tigen gerade bei der Theorie mehr Betreuung, beim eigentlichen Kurs Pausen und mehr Hilfe beim Transport des Tauchequipments.<br>Solche Bed\u00fcrfnisse k\u00f6nnen in einen knapp kalkulierten Kurs nur mitgeschleift werden. <\/p>\n\n\n\n<p>Ein Tauchlehrer darf gleichzeitig 8 Sch\u00fcler ausbilden. Gew\u00fcnscht sind Kursgr\u00f6\u00dfen von 2 Sch\u00fclern, um uns zum einen intensiv um die Sch\u00fcler k\u00fcmmern zu k\u00f6nnen und gleichzeitig nicht eure Zeit zu verschwenden, wenn ihr unter Wasser abwarten m\u00fcsst, bis alle anderen aus der Gruppe ihre \u00dcbungen durchgef\u00fchrt haben.<br><\/p>\n\n\n\n<p><\/p>\n","protected":false},"excerpt":{"rendered":"<p>Individual Diving ist gewisserma\u00dfen die Fortsetzung des Ralf Schnackertz&#8216; SSI-Dive-Centers, einer kleinen Tauchschule, urspr\u00fcnglich gegr\u00fcndet in H\u00fcrth, aber auch \u00fcber[&#8230;]<\/p>\n","protected":false},"author":1,"featured_media":0,"parent":0,"menu_order":2,"comment_status":"closed","ping_status":"closed","template":"","meta":{"footnotes":""},"_links":{"self":[{"href":"https:\/\/www.individual-diving.de\/index.php\/wp-json\/wp\/v2\/pages\/54"}],"collection":[{"href":"https:\/\/www.individual-diving.de\/index.php\/wp-json\/wp\/v2\/pages"}],"about":[{"href":"https:\/\/www.individual-diving.de\/index.php\/wp-json\/wp\/v2\/types\/page"}],"author":[{"embeddable":true,"href":"https:\/\/www.individual-diving.de\/index.php\/wp-json\/wp\/v2\/users\/1"}],"replies":[{"embeddable":true,"href":"https:\/\/www.individual-diving.de\/index.php\/wp-json\/wp\/v2\/comments?post=54"}],"version-history":[{"count":1,"href":"https:\/\/www.individual-diving.de\/index.php\/wp-json\/wp\/v2\/pages\/54\/revisions"}],"predecessor-version":[{"id":55,"href":"https:\/\/www.individual-diving.de\/index.php\/wp-json\/wp\/v2\/pages\/54\/revisions\/55"}],"wp:attachment":[{"href":"https:\/\/www.individual-diving.de\/index.php\/wp-json\/wp\/v2\/media?parent=54"}],"curies":[{"name":"wp","href":"https:\/\/api.w.org\/{rel}","templated":true}]}}