{"id":43,"date":"2020-02-15T14:24:49","date_gmt":"2020-02-15T13:24:49","guid":{"rendered":"http:\/\/dive.cologne\/wp\/wordpress\/?page_id=43"},"modified":"2024-06-15T00:57:12","modified_gmt":"2024-06-14T22:57:12","slug":"specialty-perfect-buoyancy","status":"publish","type":"page","link":"https:\/\/www.individual-diving.de\/index.php\/kurse\/specialtys\/specialty-perfect-buoyancy\/","title":{"rendered":"Specialty &#8222;Perfect Buoyancy&#8220;"},"content":{"rendered":"\n<p>Zum Open-Water-Kurs geh\u00f6ren s\u00e4mtliche \u00dcbungen, um im Wasser mit der Ausr\u00fcstung klar zu kommen und im Problemfall handeln zu k\u00f6nnen. Nat\u00fcrlich wird auch vermittelt, wie man m\u00f6glichst entspannt taucht, aber eine gute Wasserlage ist keine Pr\u00fcfungsvoraussetzung und ergibt sich oftmals erst dutzende Tauchg\u00e4nge nach dem eigentlichen Tauchkurs.<\/p>\n\n\n\n<p>Der &#8222;Perfect Buoyancy&#8220;-Kurs ist eine gute Gelegenheit die perfekte Tarierung mit professioneller Unterst\u00fctzung zu \u00fcben und sich mit Flossentechniken jenseits des Flutter-Kicks zu besch\u00e4ftigen.<\/p>\n\n\n\n<p><strong>Voraussetzungen<\/strong><\/p>\n\n\n\n<p>Mindestalter: 10 Jahre<br>Ausbildungsstand: Open-Water-Diver<\/p>\n\n\n\n<p><strong>Ablauf<\/strong><\/p>\n\n\n\n<p>Online-Theorie \u00fcber divessi.com, anschlie\u00dfend Online Theorie\u00fcberpr\u00fcfung in lockerer Diskussionsform, abschlie\u00dfend ein Multiple-Choice-Test<\/p>\n\n\n\n<p>2 Tauchlektionen Indoor oder im Freiwasser<\/p>\n","protected":false},"excerpt":{"rendered":"<p>Zum Open-Water-Kurs geh\u00f6ren s\u00e4mtliche \u00dcbungen, um im Wasser mit der Ausr\u00fcstung klar zu kommen und im Problemfall handeln zu k\u00f6nnen.[&#8230;]<\/p>\n","protected":false},"author":1,"featured_media":0,"parent":34,"menu_order":0,"comment_status":"closed","ping_status":"closed","template":"","meta":{"footnotes":""},"_links":{"self":[{"href":"https:\/\/www.individual-diving.de\/index.php\/wp-json\/wp\/v2\/pages\/43"}],"collection":[{"href":"https:\/\/www.individual-diving.de\/index.php\/wp-json\/wp\/v2\/pages"}],"about":[{"href":"https:\/\/www.individual-diving.de\/index.php\/wp-json\/wp\/v2\/types\/page"}],"author":[{"embeddable":true,"href":"https:\/\/www.individual-diving.de\/index.php\/wp-json\/wp\/v2\/users\/1"}],"replies":[{"embeddable":true,"href":"https:\/\/www.individual-diving.de\/index.php\/wp-json\/wp\/v2\/comments?post=43"}],"version-history":[{"count":3,"href":"https:\/\/www.individual-diving.de\/index.php\/wp-json\/wp\/v2\/pages\/43\/revisions"}],"predecessor-version":[{"id":183,"href":"https:\/\/www.individual-diving.de\/index.php\/wp-json\/wp\/v2\/pages\/43\/revisions\/183"}],"up":[{"embeddable":true,"href":"https:\/\/www.individual-diving.de\/index.php\/wp-json\/wp\/v2\/pages\/34"}],"wp:attachment":[{"href":"https:\/\/www.individual-diving.de\/index.php\/wp-json\/wp\/v2\/media?parent=43"}],"curies":[{"name":"wp","href":"https:\/\/api.w.org\/{rel}","templated":true}]}}