{"id":41,"date":"2020-02-15T14:19:37","date_gmt":"2020-02-15T13:19:37","guid":{"rendered":"http:\/\/dive.cologne\/wp\/wordpress\/?page_id=41"},"modified":"2024-06-15T00:35:48","modified_gmt":"2024-06-14T22:35:48","slug":"specialty-dry-suit","status":"publish","type":"page","link":"https:\/\/www.individual-diving.de\/index.php\/kurse\/specialtys\/specialty-dry-suit\/","title":{"rendered":"Specialty &#8222;Dry-Suit&#8220;"},"content":{"rendered":"\n<p>Das Tauchabenteuer kann nach dem Open-Water-Diver losgehen, doch leider dauert es noch bis zum n\u00e4chsten Urlaub und das Wasser in Deutschland ist unangenehm kalt.<\/p>\n\n\n\n<p>Mit einem Trockentauchanzug wird man nur im Gesicht und an den H\u00e4nden nass und taucht in einer Art Ski-Anzug, dem Trocki-Unterzieher, so dass man weder nass in der K\u00e4lte aus dem Anzug steigen muss, sondern in einem warmen Unterzieher am Ufer steht, sobald man den Trockenanzug abgestreift hat.<\/p>\n\n\n\n<p>In diesem Kurs unterhalten wir uns dar\u00fcber, worauf wir bei Kaltwassertauchg\u00e4ngen mit unserer Ausr\u00fcstung achten m\u00fcssen, schauen uns unterschiedliche Trockentauchanz\u00fcge an und lernen anschlie\u00dfend den Umgang mit einem Trockentauchanzug. Der Trockentauchanzug ist n\u00e4mlich nicht nur einfach ein Anzug, sondern gleichzeitig ein zus\u00e4tzliches Tariersystem. Wir lernen den Trocki zusammen mit dem Jacket zu tarieren innerhalb eines Pool-Tauchgangs, sowie zwei Freiwassertauchg\u00e4ngen.<\/p>\n\n\n\n<p>Der Kurs wird \u00fcblicherweise angefragt, sobald man sich einen Trocki gekauft hat. Es sind aber auch Leihtrockis in unterschiedlichen Gr\u00f6\u00dfen vorhanden, angefangen von Jugendlichen ab ca. 10 Jahren bis zum Erwachsenen.<\/p>\n\n\n\n<p><strong>Voraussetzungen<\/strong><\/p>\n\n\n\n<p>Mindestalter: 10 Jahre<br>Ausbildungsstand: Open-Water-Diver (oder in Verbindung mit dem OWD)<\/p>\n\n\n\n<p><strong>Ablauf<\/strong><\/p>\n\n\n\n<p>Online-Theorie \u00fcber divessi.com, anschlie\u00dfend Online Theorie\u00fcberpr\u00fcfung in lockerer Diskussionsform, abschlie\u00dfend ein Multiple-Choice-Test<\/p>\n\n\n\n<p>3 Tauchg\u00e4nge<\/p>\n\n\n\n<ol>\n<li>Tauchgang Pool oder begrenztes Freiwasser: Skills<\/li>\n\n\n\n<li>und 3. Tauchgang im Freiwasser<br><\/li>\n<\/ol>\n","protected":false},"excerpt":{"rendered":"<p>Das Tauchabenteuer kann nach dem Open-Water-Diver losgehen, doch leider dauert es noch bis zum n\u00e4chsten Urlaub und das Wasser in[&#8230;]<\/p>\n","protected":false},"author":1,"featured_media":0,"parent":34,"menu_order":0,"comment_status":"closed","ping_status":"closed","template":"","meta":{"footnotes":""},"_links":{"self":[{"href":"https:\/\/www.individual-diving.de\/index.php\/wp-json\/wp\/v2\/pages\/41"}],"collection":[{"href":"https:\/\/www.individual-diving.de\/index.php\/wp-json\/wp\/v2\/pages"}],"about":[{"href":"https:\/\/www.individual-diving.de\/index.php\/wp-json\/wp\/v2\/types\/page"}],"author":[{"embeddable":true,"href":"https:\/\/www.individual-diving.de\/index.php\/wp-json\/wp\/v2\/users\/1"}],"replies":[{"embeddable":true,"href":"https:\/\/www.individual-diving.de\/index.php\/wp-json\/wp\/v2\/comments?post=41"}],"version-history":[{"count":5,"href":"https:\/\/www.individual-diving.de\/index.php\/wp-json\/wp\/v2\/pages\/41\/revisions"}],"predecessor-version":[{"id":176,"href":"https:\/\/www.individual-diving.de\/index.php\/wp-json\/wp\/v2\/pages\/41\/revisions\/176"}],"up":[{"embeddable":true,"href":"https:\/\/www.individual-diving.de\/index.php\/wp-json\/wp\/v2\/pages\/34"}],"wp:attachment":[{"href":"https:\/\/www.individual-diving.de\/index.php\/wp-json\/wp\/v2\/media?parent=41"}],"curies":[{"name":"wp","href":"https:\/\/api.w.org\/{rel}","templated":true}]}}