{"id":39,"date":"2020-02-15T14:11:33","date_gmt":"2020-02-15T13:11:33","guid":{"rendered":"http:\/\/dive.cologne\/wp\/wordpress\/?page_id=39"},"modified":"2024-06-15T00:32:37","modified_gmt":"2024-06-14T22:32:37","slug":"specialty-deep-diving","status":"publish","type":"page","link":"https:\/\/www.individual-diving.de\/index.php\/kurse\/specialtys\/specialty-deep-diving\/","title":{"rendered":"Specialty &#8222;Deep Diving&#8220;"},"content":{"rendered":"\n<p>Der Open-Water-Diver erlaubt es in Tiefen von bis zu 18 Metern vorzudringen. Das reicht f\u00fcr viele Korallen-Riffe, wie auch um in deutschen Seen im Bereich des Bewuchs nach Fischen ausschau zu halten. Es gibt aber auch Bereiche, bei denen man mit 18 Metern eingeschr\u00e4nkt ist und so ein Wrack noch nicht erreichen kann.<\/p>\n\n\n\n<p>Die 18 Meter als Tiefengrenze f\u00fcr Tauchanf\u00e4nger hat jedoch durchaus seinen Sinn, denn in der Tiefe ist man nicht nur weiter von der Oberf\u00e4che entfernt, wir m\u00fcssen auch sicher tarieren k\u00f6nnen und uns \u00fcber die M\u00f6glichkeit eines Tiefenrauschs bewusst sein.<\/p>\n\n\n\n<p>Gerade hier in Deutschland bedeutet Tiefe h\u00e4ufig auch Dunkelheit und K\u00e4lte. Mit dem Deep-Diver-Specialty lernst Du vorab, wie Dein der menschliche K\u00f6rper auf den gr\u00f6\u00dferen Druck reagiert und probierst in drei Tauchg\u00e4ngen mit einem Tauchlehrer, wie Dein K\u00f6rper individuell auf Tiefe reagiert.<\/p>\n\n\n\n<p>Mit dem bestandenen Deep-Diver-Specialty darfst Du Dich auf Tiefen von bis zu 40 Meter wagen.<\/p>\n\n\n\n<p><strong>Voraussetzungen<\/strong><\/p>\n\n\n\n<p>Mindestalter: 15 Jahre<br>Ausbildungsstand: Open-Water-Diver<\/p>\n\n\n\n<p><strong>Ablauf<\/strong><\/p>\n\n\n\n<p>Online-Theorie \u00fcber divessi.com, anschlie\u00dfend Online Theorie\u00fcberpr\u00fcfung in lockerer Diskussionsform, abschlie\u00dfend ein Multiple-Choice-Test<\/p>\n\n\n\n<p>3 Tauchg\u00e4nge an 2 Tagen mit festgelegten Tiefen:<\/p>\n\n\n\n<ol>\n<li>Tauchgang 18 bis maximal 24m<\/li>\n\n\n\n<li>Tauchgang 24 bis maximal 30m<\/li>\n\n\n\n<li>Tauchgang mindestens 30m<br><\/li>\n<\/ol>\n","protected":false},"excerpt":{"rendered":"<p>Der Open-Water-Diver erlaubt es in Tiefen von bis zu 18 Metern vorzudringen. Das reicht f\u00fcr viele Korallen-Riffe, wie auch um[&#8230;]<\/p>\n","protected":false},"author":1,"featured_media":0,"parent":34,"menu_order":0,"comment_status":"closed","ping_status":"closed","template":"","meta":{"footnotes":""},"_links":{"self":[{"href":"https:\/\/www.individual-diving.de\/index.php\/wp-json\/wp\/v2\/pages\/39"}],"collection":[{"href":"https:\/\/www.individual-diving.de\/index.php\/wp-json\/wp\/v2\/pages"}],"about":[{"href":"https:\/\/www.individual-diving.de\/index.php\/wp-json\/wp\/v2\/types\/page"}],"author":[{"embeddable":true,"href":"https:\/\/www.individual-diving.de\/index.php\/wp-json\/wp\/v2\/users\/1"}],"replies":[{"embeddable":true,"href":"https:\/\/www.individual-diving.de\/index.php\/wp-json\/wp\/v2\/comments?post=39"}],"version-history":[{"count":3,"href":"https:\/\/www.individual-diving.de\/index.php\/wp-json\/wp\/v2\/pages\/39\/revisions"}],"predecessor-version":[{"id":172,"href":"https:\/\/www.individual-diving.de\/index.php\/wp-json\/wp\/v2\/pages\/39\/revisions\/172"}],"up":[{"embeddable":true,"href":"https:\/\/www.individual-diving.de\/index.php\/wp-json\/wp\/v2\/pages\/34"}],"wp:attachment":[{"href":"https:\/\/www.individual-diving.de\/index.php\/wp-json\/wp\/v2\/media?parent=39"}],"curies":[{"name":"wp","href":"https:\/\/api.w.org\/{rel}","templated":true}]}}