{"id":220,"date":"2024-07-25T16:48:06","date_gmt":"2024-07-25T14:48:06","guid":{"rendered":"http:\/\/www.individual-diving.de\/?page_id=220"},"modified":"2024-07-25T16:48:06","modified_gmt":"2024-07-25T14:48:06","slug":"doppelgeraete","status":"publish","type":"page","link":"https:\/\/www.individual-diving.de\/index.php\/doppelgeraete\/","title":{"rendered":"Doppelger\u00e4te"},"content":{"rendered":"\n<p>Im Sporttauchen taucht man normalerweise eine Pressluftflasche auf dem R\u00fccken, doch wenn man sehr lange Tauchg\u00e4nge macht oder gerade am Anfang noch sehr viel Luft verbracht, kann man entweder eine <a href=\"http:\/\/www.individual-diving.de\/?page_id=221\" data-type=\"page\" data-id=\"221\">Stage<\/a> (kleinere Flasche, die seitlich ans Jacket geh\u00e4ngt wird) mitnehmen oder nimmt sich ein Doppelger\u00e4t, so dass man zwei Pressluftflaschen auf dem R\u00fccken tr\u00e4gt, die miteinander verbunden sind.<\/p>\n\n\n\n<figure class=\"wp-block-image size-large is-resized is-style-default\"><img loading=\"lazy\" decoding=\"async\" width=\"1352\" height=\"901\" src=\"http:\/\/www.individual-diving.de\/wp-content\/uploads\/2024\/07\/image-edited.jpeg\" alt=\"\" class=\"wp-image-223\" style=\"width:880px;height:auto\" srcset=\"https:\/\/www.individual-diving.de\/wp-content\/uploads\/2024\/07\/image-edited.jpeg 1352w, https:\/\/www.individual-diving.de\/wp-content\/uploads\/2024\/07\/image-edited-300x200.jpeg 300w, https:\/\/www.individual-diving.de\/wp-content\/uploads\/2024\/07\/image-edited-1024x682.jpeg 1024w, https:\/\/www.individual-diving.de\/wp-content\/uploads\/2024\/07\/image-edited-768x512.jpeg 768w, https:\/\/www.individual-diving.de\/wp-content\/uploads\/2024\/07\/image-edited-840x560.jpeg 840w, https:\/\/www.individual-diving.de\/wp-content\/uploads\/2024\/07\/image-edited-120x80.jpeg 120w, https:\/\/www.individual-diving.de\/wp-content\/uploads\/2024\/07\/image-edited-360x240.jpeg 360w, https:\/\/www.individual-diving.de\/wp-content\/uploads\/2024\/07\/image-edited-600x400.jpeg 600w\" sizes=\"(max-width: 1352px) 100vw, 1352px\" \/><\/figure>\n\n\n\n<p>Doppelger\u00e4te gibt es &#8211; genauso wie Mono-Flaschen &#8211; in unterschiedlichen Gr\u00f6\u00dfen. \u00dcbliche Gr\u00f6\u00dfen sind 7, 8,5, 10, 12, 15 und 18l, sowie 20l Flaschen. Am beliebtesten sind 7, 8,5 und 12l. Im Bild sieht man eine D8,5. Doppel-15 und gr\u00f6\u00dfere Doppelger\u00e4te sind nur f\u00fcr sehr lange Tauchg\u00e4nge sinnvoll, mit einer Doppel 8,5 bekommt man bereits ausf\u00fchrliche Tauchg\u00e4nge hin und mit einer Doppel 12 erreicht man auch schnell Tauchg\u00e4nge von 2 Stunden.<\/p>\n\n\n\n<h2 class=\"wp-block-heading\">Vorteile von Doppelger\u00e4ten<\/h2>\n\n\n\n<p>Neben der Tatsache, dass man offensichtlich mit einer zweiten Flasche mehr Luft zur Verf\u00fcgung hat, sind diese durch eine Br\u00fccke miteinander verbunden. Das hei\u00dft, w\u00e4hrend des Tauchgangs muss auch nur ein Finimeter im Auge behalten werden, wenn man gefragt wird, wieviel Luft noch vorhanden ist, m\u00fcssen nicht zwei Flaschen miteinander verrechnet werden, denn beide Flaschen werden durch die Br\u00fccke gleicherma\u00dfen abgeatmet.<\/p>\n\n\n\n<p>Mit einem gr\u00f6\u00dferen Doppelger\u00e4t kann man auch zwei oder drei Tauchg\u00e4nge machen. Bei zwei getrennten 12l Flaschen kann man 2*150bar = 2*1800l = 3600l Luft in 2 Tauchg\u00e4ngen veratmen, so dass in beiden Flaschen 50bar = 600l Luft Reserve verbleiben. Mit einem 12l Doppelger\u00e4t kann man 2*2100l Luft veratmen und hat auch am zweiten Tauchgang noch die gleichen 600l als Reserve in der Flasche.<\/p>\n\n\n\n<p>Die Flaschenventile bei Doppelger\u00e4ten liegen weiter auseinander. Mit etwas \u00dcbung kann man so die Flaschen ohne Hilfe des Buddies zudrehen, wenn beispielsweise ein Atemregler abbl\u00e4st. Im Fall eines Problems verf\u00fcgen Br\u00fccken im Regelfall um ein Absperrventil. Das bedeutet, man kann die beiden Flaschen voneinander trennen. Geht beispielsweise das Flaschenventil kaputt, kann man die Br\u00fccke schlie\u00dfen und kann die Luft der anderen Flasche so sichern.<\/p>\n\n\n\n<p>Das Doppelpaket liefert also keine perfekte Redundanz, aber schafft dennoch mehr Sicherheit. Des Weiteren muss man klar sagen: Das Wissen, extrem viel Luft dabei zu haben, entspannt einen Tauchgang sehr.<\/p>\n\n\n\n<h2 class=\"wp-block-heading\">Nachteile von Doppelger\u00e4ten<\/h2>\n\n\n\n<p>Der offensichtlichste Nachteil ist, dass zwei Flaschen schwerer sind als eine. So ein Doppelger\u00e4t wird also sehr schnell sehr schwer und eignet sich nicht, um damit l\u00e4ngere Strecken zu laufen. Es empfielt sich also durchaus auch \u00fcber die Anschaffung einer Sackkarre nachzudenken, wenn es bis zum Einstieg ein St\u00fcck zu laufen gilt.<\/p>\n\n\n\n<p>F\u00fcr ein Doppelger\u00e4t kann man sein normales BCD nicht verwenden, sondern ben\u00f6tigt ein BPW, eine Backplate mit Wing. Hier wird die Vergurtung (Harness) an eine Metallplatte befestigt, an der Metalplatte das Doppelger\u00e4t aufgeschraubt und dazwischen liegt die Tarierblase, die als Wing ausgelegt ist. Erforderliches Blei wird an die Metalplatte geschraubt, zwischen die Pressluftflaschen oder in geringer Menge in Form von Bleitaschen am Harness befestigt. Der Vorteil dieser Kontruktion ist, dass man vorne sehr viel Platz hat. Der Nachteil, dass das gesamte Gewicht beim Tauchen auf dem R\u00fccken liegt und dort balanciert werden m\u00f6chte. Man kann sich also gegebenenfalls nicht mehr so frei im Wasser bewegen wie mit einem BCD und nimmt automatisch die liegende Position ein, damit das Doppelger\u00e4t nicht zur Seite kippt, was eher unelegant aussieht.<\/p>\n\n\n\n<h2 class=\"wp-block-heading\">Br\u00fccken und Flaschendurchmesser<\/h2>\n\n\n\n<p>Je nach Flaschendurchmesser ben\u00f6tigt man unterschiedliche Br\u00fccken. Bei 140mm Flaschendurchmesser Durchmesser sind das \u00fcblicherweise 140mm Br\u00fccken, aber h\u00e4ufig werden die schmalen Flaschen mit breiteren Schellen ausgestattet, so dass sie auf dem gleichen Abstand gehalten werden wie 10l oder lange 12l Flaschen. Hier wird dann eine Br\u00fccke f\u00fcr 171mm verwendet.<\/p>\n\n\n\n<p>F\u00fcr kurze 12l Flaschen mit einem Durchmesser von 204mm, bzw. 15l, 18l und 20l Flaschen ben\u00f6tigt man entsprechend eine 204mm Br\u00fccke.<\/p>\n\n\n\n<h2 class=\"wp-block-heading\">Vorhandene Doppelger\u00e4te<\/h2>\n\n\n\n<p>Folgende Doppelger\u00e4te k\u00f6nnen getaucht werden.<\/p>\n\n\n\n<figure class=\"wp-block-table is-style-stripes\"><table><thead><tr><th class=\"has-text-align-center\" data-align=\"center\">Gr\u00f6\u00dfe<\/th><th class=\"has-text-align-center\" data-align=\"center\">Liter<\/th><th class=\"has-text-align-center\" data-align=\"center\">Luftmenge<\/th><th class=\"has-text-align-center\" data-align=\"center\">Durchmesser<\/th><th class=\"has-text-align-center\" data-align=\"center\">Ventil<\/th><th class=\"has-text-align-center\" data-align=\"center\">Br\u00fcckenbreite<\/th><th>Druck<\/th><th>Flaschenform<\/th><\/tr><\/thead><tbody><tr><td class=\"has-text-align-center\" data-align=\"center\">D7<\/td><td class=\"has-text-align-center\" data-align=\"center\">14l<\/td><td class=\"has-text-align-center\" data-align=\"center\">~3800l<\/td><td class=\"has-text-align-center\" data-align=\"center\">140mm<\/td><td class=\"has-text-align-center\" data-align=\"center\">DIN<\/td><td class=\"has-text-align-center\" data-align=\"center\">140mm<\/td><td>300 bar<\/td><td>konkav<\/td><\/tr><tr><td class=\"has-text-align-center\" data-align=\"center\">D7<\/td><td class=\"has-text-align-center\" data-align=\"center\">14l<\/td><td class=\"has-text-align-center\" data-align=\"center\">2800l<\/td><td class=\"has-text-align-center\" data-align=\"center\">140mm<\/td><td class=\"has-text-align-center\" data-align=\"center\">M26 Nitrox<\/td><td class=\"has-text-align-center\" data-align=\"center\">171mm<\/td><td>232 bar<\/td><td>konkav mit Fuss<\/td><\/tr><tr><td class=\"has-text-align-center\" data-align=\"center\">D8,5<\/td><td class=\"has-text-align-center\" data-align=\"center\">17l<\/td><td class=\"has-text-align-center\" data-align=\"center\">3400l<\/td><td class=\"has-text-align-center\" data-align=\"center\">140mm<\/td><td class=\"has-text-align-center\" data-align=\"center\">DIN<\/td><td class=\"has-text-align-center\" data-align=\"center\">171mm<\/td><td>232 bar<\/td><td>konvex<\/td><\/tr><tr><td class=\"has-text-align-center\" data-align=\"center\">D8,5<\/td><td class=\"has-text-align-center\" data-align=\"center\">17l<\/td><td class=\"has-text-align-center\" data-align=\"center\">3400l<\/td><td class=\"has-text-align-center\" data-align=\"center\">140mm<\/td><td class=\"has-text-align-center\" data-align=\"center\">DIN<\/td><td class=\"has-text-align-center\" data-align=\"center\">171mm<\/td><td>232 bar<\/td><td>konvex<\/td><\/tr><tr><td class=\"has-text-align-center\" data-align=\"center\">D12<\/td><td class=\"has-text-align-center\" data-align=\"center\">24l<\/td><td class=\"has-text-align-center\" data-align=\"center\">4800l<\/td><td class=\"has-text-align-center\" data-align=\"center\">171mm<\/td><td class=\"has-text-align-center\" data-align=\"center\">DIN<\/td><td class=\"has-text-align-center\" data-align=\"center\">171mm<\/td><td>232 bar<\/td><td>konkav<\/td><\/tr><tr><td class=\"has-text-align-center\" data-align=\"center\">D12<\/td><td class=\"has-text-align-center\" data-align=\"center\">24l<\/td><td class=\"has-text-align-center\" data-align=\"center\">4800l<\/td><td class=\"has-text-align-center\" data-align=\"center\">171mm<\/td><td class=\"has-text-align-center\" data-align=\"center\">DIN<\/td><td class=\"has-text-align-center\" data-align=\"center\">171mm<\/td><td>232 bar<\/td><td>konkav<\/td><\/tr><tr><td class=\"has-text-align-center\" data-align=\"center\">D12 <\/td><td class=\"has-text-align-center\" data-align=\"center\">24l<\/td><td class=\"has-text-align-center\" data-align=\"center\">4800l<\/td><td class=\"has-text-align-center\" data-align=\"center\">171mm<\/td><td class=\"has-text-align-center\" data-align=\"center\">M26 Nitrox<\/td><td class=\"has-text-align-center\" data-align=\"center\">171mm<\/td><td>232 bar<\/td><td>konvex<\/td><\/tr><\/tbody><\/table><figcaption class=\"wp-element-caption\">Auswahl an vorhandenen Doppelger\u00e4ten<\/figcaption><\/figure>\n\n\n\n<p>Im Vergleich: Die h\u00e4ufig getauchten 10l Flaschen haben 2000l Luft (bei 200bar), eine Mono 12l Flasche hat 2400l Luft.<\/p>\n\n\n\n<p>Lust bei einem Schnuppertauchen ein Doppelger\u00e4t auszuprobieren? Einfach <a href=\"http:\/\/www.individual-diving.de\/index.php\/kontakt\/\" data-type=\"page\" data-id=\"147\">melden<\/a>.<\/p>\n","protected":false},"excerpt":{"rendered":"<p>Im Sporttauchen taucht man normalerweise eine Pressluftflasche auf dem R\u00fccken, doch wenn man sehr lange Tauchg\u00e4nge macht oder gerade am[&#8230;]<\/p>\n","protected":false},"author":1,"featured_media":0,"parent":0,"menu_order":0,"comment_status":"closed","ping_status":"closed","template":"","meta":{"footnotes":""},"_links":{"self":[{"href":"https:\/\/www.individual-diving.de\/index.php\/wp-json\/wp\/v2\/pages\/220"}],"collection":[{"href":"https:\/\/www.individual-diving.de\/index.php\/wp-json\/wp\/v2\/pages"}],"about":[{"href":"https:\/\/www.individual-diving.de\/index.php\/wp-json\/wp\/v2\/types\/page"}],"author":[{"embeddable":true,"href":"https:\/\/www.individual-diving.de\/index.php\/wp-json\/wp\/v2\/users\/1"}],"replies":[{"embeddable":true,"href":"https:\/\/www.individual-diving.de\/index.php\/wp-json\/wp\/v2\/comments?post=220"}],"version-history":[{"count":1,"href":"https:\/\/www.individual-diving.de\/index.php\/wp-json\/wp\/v2\/pages\/220\/revisions"}],"predecessor-version":[{"id":224,"href":"https:\/\/www.individual-diving.de\/index.php\/wp-json\/wp\/v2\/pages\/220\/revisions\/224"}],"wp:attachment":[{"href":"https:\/\/www.individual-diving.de\/index.php\/wp-json\/wp\/v2\/media?parent=220"}],"curies":[{"name":"wp","href":"https:\/\/api.w.org\/{rel}","templated":true}]}}