{"id":187,"date":"2024-06-15T01:17:49","date_gmt":"2024-06-14T23:17:49","guid":{"rendered":"http:\/\/www.individual-diving.de\/?page_id=187"},"modified":"2024-06-15T01:18:58","modified_gmt":"2024-06-14T23:18:58","slug":"specialty-independent-diving","status":"publish","type":"page","link":"https:\/\/www.individual-diving.de\/index.php\/kurse\/specialtys\/specialty-independent-diving\/","title":{"rendered":"Specialty &#8222;Independent Diving&#8220;"},"content":{"rendered":"\n<p>Als Sporttaucher haben wir immer unseren Buddy an unserer Seite, der uns bei Problemen helfen kann. Aber nicht immer ist der Buddy zuverl\u00e4ssig oder als Anf\u00e4nger im Problemfall \u00fcberfordert. Dieses Specialty dient vorrangig auch unabh\u00e4ngig vom Buddy sicher zu tauchen.<\/p>\n\n\n\n<p>Wir besch\u00e4ftigen uns mit zus\u00e4tzlich ben\u00f6tigtem Equipment, aber wiederholen auch vieles aus dem <a href=\"http:\/\/www.individual-diving.de\/index.php\/kurse\/open-water-diver\/\" data-type=\"page\" data-id=\"119\">Open-Water-Diver<\/a>-Kurs, um mehr Routine in den Skills aufzubauen. Wir planen Tauchg\u00e4nge so aufzubauen, dass sie unabh\u00e4ngig vom Buddy beherrschbar sind. <\/p>\n\n\n\n<p><strong>Voraussetzungen<\/strong><\/p>\n\n\n\n<p>Mindestalter: 18 Jahre, 75 Tauchg\u00e4nge, mind. 50 Stunden<br>Ausbildungsstand: <\/p>\n\n\n\n<ul>\n<li>Open-Water-Diver<\/li>\n\n\n\n<li>Deep Diving<\/li>\n<\/ul>\n\n\n\n<ul>\n<li>Navigation<\/li>\n<\/ul>\n\n\n\n<ul>\n<li>Night &amp; Limited Visibility<\/li>\n<\/ul>\n\n\n\n<p><strong>Ablauf<\/strong><\/p>\n\n\n\n<p>Online-Theorie \u00fcber divessi.com, anschlie\u00dfend Online Theorie\u00fcberpr\u00fcfung in lockerer Diskussionsform, abschlie\u00dfend ein Multiple-Choice-Test<\/p>\n\n\n\n<p>4 Tauchg\u00e4nge<\/p>\n\n\n\n<ol>\n<li>Pool oder begrenztes Freiwasser<\/li>\n\n\n\n<li>&#8211; 4. Tauchgang: Freiwasser<br><\/li>\n<\/ol>\n","protected":false},"excerpt":{"rendered":"<p>Als Sporttaucher haben wir immer unseren Buddy an unserer Seite, der uns bei Problemen helfen kann. Aber nicht immer ist[&#8230;]<\/p>\n","protected":false},"author":1,"featured_media":0,"parent":34,"menu_order":0,"comment_status":"closed","ping_status":"closed","template":"","meta":{"footnotes":""},"_links":{"self":[{"href":"https:\/\/www.individual-diving.de\/index.php\/wp-json\/wp\/v2\/pages\/187"}],"collection":[{"href":"https:\/\/www.individual-diving.de\/index.php\/wp-json\/wp\/v2\/pages"}],"about":[{"href":"https:\/\/www.individual-diving.de\/index.php\/wp-json\/wp\/v2\/types\/page"}],"author":[{"embeddable":true,"href":"https:\/\/www.individual-diving.de\/index.php\/wp-json\/wp\/v2\/users\/1"}],"replies":[{"embeddable":true,"href":"https:\/\/www.individual-diving.de\/index.php\/wp-json\/wp\/v2\/comments?post=187"}],"version-history":[{"count":1,"href":"https:\/\/www.individual-diving.de\/index.php\/wp-json\/wp\/v2\/pages\/187\/revisions"}],"predecessor-version":[{"id":188,"href":"https:\/\/www.individual-diving.de\/index.php\/wp-json\/wp\/v2\/pages\/187\/revisions\/188"}],"up":[{"embeddable":true,"href":"https:\/\/www.individual-diving.de\/index.php\/wp-json\/wp\/v2\/pages\/34"}],"wp:attachment":[{"href":"https:\/\/www.individual-diving.de\/index.php\/wp-json\/wp\/v2\/media?parent=187"}],"curies":[{"name":"wp","href":"https:\/\/api.w.org\/{rel}","templated":true}]}}