{"id":115,"date":"2020-02-18T17:37:01","date_gmt":"2020-02-18T16:37:01","guid":{"rendered":"http:\/\/dive.cologne\/wp\/wordpress\/?page_id=115"},"modified":"2024-06-15T00:07:50","modified_gmt":"2024-06-14T22:07:50","slug":"mermaiding","status":"publish","type":"page","link":"https:\/\/www.individual-diving.de\/index.php\/kurse\/mermaiding\/","title":{"rendered":"Mermaiding"},"content":{"rendered":"\n<p>&#8230;biete ich nicht an. Als Mermaid verkleidet w\u00fcrde ich vermutlich h\u00f6chstens die Kinder ver\u00e4ngstigen.<\/p>\n\n\n\n<p>Aber f\u00fcr viele M\u00e4dchen ist der Traum als Meerjungfrau durch das Wasser zu gleiten durchaus ein Traum, der in Erf\u00fcllung gehen kann. <br>Technisch gesehen handelt es sich Apnoe-Tauchen (Tauchen ohne Pressluftger\u00e4t) mit einer Mono-Flosse. Mit der Delphinschwimmtechnik durchaus anspruchsvoll. Und auch Jungs sind schon (ohne Mermaid-Kost\u00fcm) zum Freitauch-Kurs bei Mary erschienen, um das Freitauchen mit Mono-Flosse zu erlernen.<\/p>\n\n\n\n<p>Wenn es f\u00fcr&#8217;s Ger\u00e4te-Tauchen noch zu fr\u00fch ist oder man eine Wasserratte zu Hause hat, die sich f\u00fcr&#8217;s Wasser, aber nicht f\u00fcr das Ger\u00e4tetauchen interessiert, findet bei Mary sicher ein sch\u00f6nes Angebot.<\/p>\n\n\n\n<p>Zu Marys Mermaids: <a href=\"http:\/\/www.mermaidingcologne.de\">http:\/\/www.mermaidingcologne.de<\/a><\/p>\n","protected":false},"excerpt":{"rendered":"<p>&#8230;biete ich nicht an. Als Mermaid verkleidet w\u00fcrde ich vermutlich h\u00f6chstens die Kinder ver\u00e4ngstigen. Aber f\u00fcr viele M\u00e4dchen ist der[&#8230;]<\/p>\n","protected":false},"author":1,"featured_media":0,"parent":26,"menu_order":0,"comment_status":"closed","ping_status":"closed","template":"","meta":{"footnotes":""},"_links":{"self":[{"href":"https:\/\/www.individual-diving.de\/index.php\/wp-json\/wp\/v2\/pages\/115"}],"collection":[{"href":"https:\/\/www.individual-diving.de\/index.php\/wp-json\/wp\/v2\/pages"}],"about":[{"href":"https:\/\/www.individual-diving.de\/index.php\/wp-json\/wp\/v2\/types\/page"}],"author":[{"embeddable":true,"href":"https:\/\/www.individual-diving.de\/index.php\/wp-json\/wp\/v2\/users\/1"}],"replies":[{"embeddable":true,"href":"https:\/\/www.individual-diving.de\/index.php\/wp-json\/wp\/v2\/comments?post=115"}],"version-history":[{"count":2,"href":"https:\/\/www.individual-diving.de\/index.php\/wp-json\/wp\/v2\/pages\/115\/revisions"}],"predecessor-version":[{"id":167,"href":"https:\/\/www.individual-diving.de\/index.php\/wp-json\/wp\/v2\/pages\/115\/revisions\/167"}],"up":[{"embeddable":true,"href":"https:\/\/www.individual-diving.de\/index.php\/wp-json\/wp\/v2\/pages\/26"}],"wp:attachment":[{"href":"https:\/\/www.individual-diving.de\/index.php\/wp-json\/wp\/v2\/media?parent=115"}],"curies":[{"name":"wp","href":"https:\/\/api.w.org\/{rel}","templated":true}]}}